ainder when 81 is divided by i(l).
13
Let k(u) = -15*u - 16. Let w = 38 - 22. Calculate the remainder when k(-3) is divided by w.
13
Let m(x) = -47*x. Suppose 31 + 5 = 3*p. What is the remainder when m(-1) is divided by p?
11
Suppose 12*b - 19 = 221. Calculate the remainder when 277 is divided by b.
17
Suppose 5*o + 6 + 28 = 2*n, 3*o = 5*n - 28. Let t(k) = 6*k - 4. Let z be t(o). Let h = -17 - z. Calculate the remainder when h is divided by 6.
5
Let d = -309 + 361. What is the remainder when 465 is divided by d?
49
Let r(y) = -137*y**3 - 2*y**2 - 4*y - 3. What is the remainder when r(-1) is divided by 38?
22
Let k = -4 + 3. Calculate the remainder when (1 + 25)*k/(-1) is divided by 5/(-2)*(-36)/10.
8
Suppose -3*w + 40 = -23. Let q be -4*(-4)/32*0. What is the remainder when w is divided by 1 - q - (6 + -16)?
10
Let g(z) = 3*z + 185. Calculate the remainder when g(-22) is divided by 20.
19
Let r be 16/(-6)*(-6)/4. Suppose -m = r*m - 60. Suppose m = -p + 46. Calculate the remainder when 133 is divided by p.
31
Let h = -447 - -797. What is the remainder when h is divided by 33?
20
Suppose -2*c - 6 = -3*u - 0*u, -3*u - 3*c + 6 = 0. Suppose -u*z + 42 = -2*n, 4*z + 4*n = -0*n + 100. What is the remainder when z - (3 + -2)*1 is divided by 5?
2
Suppose -3*m + 9 = -0. What is the remainder when 13 is divided by m?
1
Let g = -456 - -644. Suppose -5*k + g = 13. Suppose 7*z - 2*z = k. Calculate the remainder when z is divided by 5.
2
Suppose -2*w + 3*w + 65 = 0. Let g = -55 - w. What is the remainder when 15 is divided by g?
5
Let k = -126 + 186. What is the remainder when 230 is divided by k?
50
Let j(x) = 9*x + 9. Calculate the remainder when 78 is divided by j(2).
24
Suppose 0 = 2*w - 24 + 6. Let m = -28 + 32. What is the remainder when w is divided by m?
1
Let h(d) = -4*d - 17. What is the remainder when h(-14) is divided by 22?
17
Suppose -5*m + 58 = -2*m - 2*p, -p = 3*m - 61. Let j = m - 10. Calculate the remainder when ((-33)/(-5) - 7) + 294/10 is divided by j.
9
Suppose 155 = 50*y - 445. Calculate the remainder when 319 is divided by y.
7
Calculate the remainder when 74/629 - 106/34 - -70 is divided by 65.
2
Let y(h) = h**3 + 3*h**2 + 1. Let i be (-3 + 4)/(5/(-15)). Let n = 4 + -2. What is the remainder when n is divided by y(i)?
0
Let v = -130 + 130. Suppose -2*p - 5*u + 33 = -v*p, -2*u - 102 = -4*p. What is the remainder when 69 is divided by p?
21
Let u = -1 + 30. Let x(k) = 23*k**2 + 6*k - 1. Let m(q) = q**2 - q + 1. Let r(j) = 5*m(j) + x(j). What is the remainder when r(-2) is divided by u?
27
Suppose -180*i - 44 = -184*i. What is the remainder when 23 is divided by i?
1
Let v(x) = -x**2 - 10*x - 9. Let w = -1019 - -1062. Calculate the remainder when w is divided by v(-6).
13
Let v = -37 + 85. What is the remainder when v*((-20)/(-21) + 10/(-35)) is divided by 19?
13
Suppose -3*x = 330 - 369. Calculate the remainder when 38 is divided by x.
12
Suppose -5*s = 5*o - 285, 118 = 5*o - 3*s - 135. Calculate the remainder when o is divided by (2*1)/(26/234).
17
Let b = 117 - -123. Suppose -2*g = g - b. Suppose -g = -5*d + 80. What is the remainder when d is divided by 11?
10
Let c = -99 + 111. Let i be (16/10)/(4/50). Suppose 5*a + 124 = 3*p, i = -a - 3*a. Calculate the remainder when p is divided by c.
9
What is the remainder when (0 - 5/2)*80414/(-155) is divided by 10?
7
Suppose 0 + 5 = j. Suppose 3*l - j*l = -38. Let q = 12 + l. Calculate the remainder when 91 is divided by q.
29
Let b be (-9 + 5)*-2*(-43)/(-8). Let r = b - 14. Calculate the remainder when r is divided by 5.
4
Let s = -253 - -270. What is the remainder when 25 is divided by s?
8
Suppose 0*p = 4*p - 488. What is the remainder when p is divided by ((-39)/156)/((42/(-7))/984)?
40
Suppose 12*p + 38 - 794 = 0. What is the remainder when p is divided by 11?
8
Let i = 65 - 41. Suppose -c - 4*u + i = c, c + 3*u = 10. Calculate the remainder when c is divided by 9.
7
Calculate the remainder when 961 is divided by (-65)/3*(-384)/320.
25
Suppose 9 = 2*r - 1. Suppose x = 2*j + 50, r*j = -3*x - 4 + 132. Suppose -4*p + 2 = -x. Calculate the remainder when p is divided by 5.
2
Suppose -6 = y - 5, 0 = -x + 3*y + 17. What is the remainder when ((-308)/(-231))/(4/78) is divided by 2/(32/x + -2)?
5
Suppose 0 = 50*p - 51*p + 698. What is the remainder when p is divided by 35?
33
Suppose 4*k = -4*v + 128 - 28, 5*v - 2*k = 146. What is the remainder when 125 is divided by v?
13
What is the remainder when (-12)/8*-15*76/18 is divided by 11?
7
Suppose -2*z + 8 = -14. Let n be ((-6)/4)/(z/(-22)). Let x = n + 15. Calculate the remainder when 34 is divided by x.
16
Let o(w) = -146*w**2 - w - 1. Let l be o(-1). Let s = -139 - l. What is the remainder when 55 is divided by s?
6
Let t(g) = 2*g**2 + 27*g - 13. Let v be t(-14). What is the remainder when (-374)/(-66) - v/(-3) is divided by 3?
0
Suppose -3 - 12 = -3*m. Suppose -5*z = 3*a + 49, -4*z + m = z. Calculate the remainder when 46 is divided by (0 - a)*6/9.
10
Let g be (-3)/(3 - 9) - 35/(-10). Suppose 13 - 4 = 3*q. Let l = q + g. Calculate the remainder when 19 is divided by l.
5
Let g(r) = 44*r - 16. Calculate the remainder when g(5) is divided by 103.
101
Suppose -i = -2*i - 2*b + 206, -4*b = -3*i + 628. Let m = -1976 + 1997. What is the remainder when i is divided by m?
19
Let d be (-63)/18 + (-2)/(-4). Let f = d + 55. Calculate the remainder when f is divided by (-176)/(-10) - 4/(-10).
16
Suppose -y = -3*y + 10, 3*b = y - 905. Calculate the remainder when (-6)/16 + b/(-32) is divided by 3.
0
Suppose -16*i + 7*i = -1467. Calculate the remainder when i is divided by 39.
7
Let y = 54 + -24. Suppose 0 = -5*k + 3*j - 961, -k + j = 2*j + 197. What is the remainder when y is divided by 1/(-6) - k/12?
14
Let r be 5/(-4) - (-2079)/44. Suppose w - 5*w = 0, 2*n + 2*w - r = 0. What is the remainder when n is divided by 13?
10
Let w = -1908 + 2046. What is the remainder when w is divided by 21?
12
Suppose -5*a = b - 43, -7 = 5*b + a - 126. What is the remainder when 244 is divided by b?
14
Let w = -19 - -40. Let m(b) = -11*b + 65. Let p be m(8). Let q = 38 - p. Calculate the remainder when q is divided by w.
19
Let z be (-60)/(-2)*6/12. Let j(r) = -r**2 + 5*r + 1. Let v be j(6). What is the remainder when 2/v - (-231)/z is divided by 9?
6
Let p(f) = f**3 + 22*f**2 - 28*f - 113. What is the remainder when 16 is divided by p(-23)?
0
Let d be 1/((-64)/(-62) + -1). Suppose 4*w + d = 3*t, -4*w = -0*t - 2*t + 26. Suppose k = 86 - 57. Calculate the remainder when k is divided by t.
4
Let x = 109 - 93. What is the remainder when 93 is divided by x?
13
Suppose 2*j + 7 = o, -5*o + 5 = 5*j - 30. What is the remainder when (-12)/(3 - (-3 + o)) - 4 is divided by 2?
0
Suppose 0 = 3*p + 3*p + 28*p - 442. Suppose -t = -2 - 6. What is the remainder when p is divided by t?
5
Suppose 1513*w + 64 = 1521*w. What is the remainder when 83 is divided by w?
3
Suppose 5*p - 80 = -5*n, 4*p = 3*p - 2*n + 19. Let x(a) = a**2 - 10*a - 23. What is the remainder when 28 is divided by x(p)?
12
Let k be ((-1)/(-3))/((-1)/15). Let c(w) = w**3 + 3*w**2 - 13*w - 4. Calculate the remainder when 54 is divided by c(k).
10
Suppose 0 = 5*q + 4*n - 152, 33*q - 31*q + 5*n = 71. Let i = 10 - -1. What is the remainder when q is divided by i?
6
Let j(b) = 27*b**2 - b + 1. Suppose 308 = 10*g + g. What is the remainder when j(-2) is divided by g?
27
Suppose 0 = 2*v - 6*v - 16. Let n = 10 - -9. What is the remainder when n is divided by (-3)/v - (-328)/32?
8
Suppose 82 = 4*b - 58. What is the remainder when 69 is divided by b?
34
Suppose 15*s + 44 = 16*s. Suppose 3*q + 8*o - 18 = 11*o, -4*q + s = o. What is the remainder when 59 is divided by q?
9
Suppose 0 = 4*o + 16, -5*l - 5*o - 11 = -o. Suppose 0*m = m + 18. Let f = -15 - m. Calculate the remainder when f is divided by l.
0
Suppose 2 = -l - 55. Let p = l - -74. Suppose 0 = -5*o + 5*c + 335, -c + 203 = 3*o - 6*c. What is the remainder when o is divided by p?
15
Suppose 78 = 5*s - 12. Let l be 130/50 + 4/10. Suppose l*q = i - 50, -3*q + 60 = 2*i - q. What is the remainder when i is divided by s?
17
Suppose 232 - 28 = 17*d. Calculate the remainder when d is divided by 12.
0
Suppose 3*w - 45 = -36. Suppose 5*x + 3*b - 738 = 0, 0 = -3*x + w*b + 178 + 284. C